2*i = 2*y - b. What is the tens digit of y?
1
Let m = 46 + -35. What is the tens digit of m?
1
Let a(l) = l**3 - l + 7. Let k be a(0). Suppose -4*b - 9 = k. What is the units digit of (-10)/b*16/10?
4
Suppose -25 = -9*u + 668. What is the tens digit of u?
7
Suppose 3*d + 176 = 5*d. What is the tens digit of d?
8
Let t(m) = -39*m**3 + 2*m**2 + m. Let z be 2/(-5) + (-12)/20. What is the units digit of t(z)?
0
Let u(l) be the second derivative of l**5/20 + l**4/12 + l**3/6 + 5*l**2/2 + 5*l. What is the units digit of u(0)?
5
Let j(n) = -n**3 - 13*n**2 - 4*n + 2. Let h(w) = 2*w**3 + 26*w**2 + 7*w - 4. Let x(d) = -6*h(d) - 13*j(d). What is the tens digit of x(-12)?
2
Let i(u) = u**3 + u**2 - 13*u + 19. What is the tens digit of i(6)?
9
Let w(g) = 2*g**2 + g. Let u be w(1). What is the units digit of -3*(-2 - (-5)/u)?
1
Let m(b) be the first derivative of -b - 1 + 3/2*b**2. What is the units digit of m(2)?
5
Let n be ((-2)/(-3))/((-8)/24). Let h be n/(-9) + 1014/54. Suppose -5*a + h = g, -g = -2*a - 3 + 5. What is the units digit of a?
3
Let p(y) = 10*y**2 + 8*y + 6. What is the units digit of p(-3)?
2
Let i = 42 + -4. What is the units digit of i?
8
Let f be 28/3 + 2/(-6). Let u = f + 7. What is the tens digit of u?
1
What is the units digit of (3 - 39/12)*-4?
1
Let p(z) = z**2 - 4*z - 4. Let n(d) = d + 16. Let m be n(-9). What is the tens digit of p(m)?
1
Suppose 23 + 7 = 2*l. What is the tens digit of l?
1
Let w be 1 - (3 - (-8)/(-2)). What is the units digit of (w/6)/(4/276)?
3
Let t(v) = 5*v**2 + v + 1. Let i be t(-3). Let f(b) = 2*b - 2. Let x be f(2). Suppose -3*z + 65 = 2*z + 4*w, x*z = -5*w + i. What is the units digit of z?
9
Let z(h) = h + 1. Let f be z(-1). Suppose f*l = -2*l - 4. What is the units digit of 17/2 + l/4?
8
Let m = 438 + -292. What is the hundreds digit of m?
1
Let r(w) = 5*w - 5. Let u be r(-5). What is the tens digit of u/(1/2 + -2)?
2
Suppose 5*t = -0*t - 3*g - 45, 0 = 4*t + 3*g + 36. Let m be 3/t*-3 + 30. Suppose -5*y - 32 = 3*i - 6*i, -4*y - m = -3*i. What is the units digit of i?
9
Suppose v + 470 = 3*v - 4*n, 2*n = -4*v + 890. What is the tens digit of v?
2
Let v = 184 + -267. What is the tens digit of (-4)/(-10) - v/5?
1
Let f(g) = g**2 + 3*g + 8. Let o be 15*((-14)/6 + 2). What is the units digit of f(o)?
8
Let c be (-21)/(-9)*(1 - -2). Let w = 11 - c. What is the units digit of w?
4
What is the units digit of (-20)/(-30) - ((-2816)/(-6))/(-4)?
8
Let l(u) = 2*u**2 + u - 8. What is the tens digit of l(-4)?
2
Suppose -2*g + 7 = -p + 20, -4*p - 3*g + 8 = 0. Suppose -61 = -p*r - 11. Let j = r + -5. What is the units digit of j?
5
Suppose -i + 4*j + 9 = -10, 5*i - 10 = 3*j. Let b be 14/i*(-6)/4. What is the units digit of 15/b - 6/(-21)?
1
Suppose -l + 3*l = 208. What is the units digit of l?
4
Suppose 0 = -3*j + 4 + 26. Let m = -1 + j. What is the units digit of m?
9
Let s = 2 + 3. Let r = -4 + s. What is the units digit of r?
1
What is the tens digit of (-1831)/(-13) - 4/(-104)*4?
4
Let x be (4/1)/(4/(-6)). Let a = x - -8. Let f = 8 - a. What is the units digit of f?
6
Suppose o - 4 + 0 = 0. Suppose q + 0*p + p = 0, -o*p - 2 = 2*q. What is the units digit of (0/1 + 1)*q?
1
Let f(n) = -n**3 - n + 16. Let z = -8 - -8. What is the tens digit of f(z)?
1
Let o(i) = 6*i + 4 + 7*i - 3 - 4. Let b be o(-3). What is the units digit of b/(-9) - (-2)/6?
5
Let w(g) = 2*g**2 + 2*g. Let n be w(-2). Suppose -n*p + 46 = 3*t, 3*t + 0 + 4 = p. What is the units digit of p?
0
Let n(o) = o**2 - 3*o - 8. What is the units digit of n(-4)?
0
Let t = -9 - -13. Let l(q) = 2*q**2 - 4*q - 5. What is the units digit of l(t)?
1
Suppose 18 = 4*i - 2*i. Suppose -i*b + 8*b = -46. What is the tens digit of b?
4
Let n be (-32)/6*(-3)/2. Let g be (n/(-5))/(2/(-10)). Let l = -2 + g. What is the units digit of l?
6
Suppose 10*m - 380 = -0*m. What is the units digit of m?
8
Let w be (2/(-6))/((-3)/18). Let s(u) = 10*u - u**w - 2*u - u - 6. What is the units digit of s(5)?
4
Let l = -9 + 12. Suppose -3*p + l*r + 15 = 0, -8*r = -4*r + 16. What is the units digit of p?
1
Suppose -4*r = -2*v - 0*v - 390, 3*r + 3*v - 270 = 0. Suppose -b - 4 = -5*b, 4*h - r = b. What is the units digit of h?
4
Suppose -4*z + 68 = -12. Let v be 4/z - (-174)/5. Suppose 2*n + v = 7*n. What is the units digit of n?
7
Let v = 16 - 9. What is the units digit of v?
7
Let s(z) = z**2 + 10*z - 18. What is the tens digit of s(-20)?
8
Suppose 5 = 8*h - 3*h. What is the units digit of h?
1
Suppose -7*x - 5*x + 2868 = 0. What is the tens digit of x?
3
Let r = -7 - -42. Suppose -4*h - h = -r. What is the units digit of h?
7
What is the tens digit of 3 + (2180/14 - 2/(-7))?
5
Let o(b) = -b**3 + b - 2. Let r be o(-2). Suppose -m - r = -5*n, -3*n - m = -4*m. Suppose x - 3 - n = 0. What is the units digit of x?
4
Let q(i) = 2*i**2 - 10*i + 8. What is the tens digit of q(7)?
3
Let a = -75 - -155. What is the units digit of a?
0
Let b(v) = -3*v - 1. Let t(c) = c**2 - 3*c + 2. Let w be t(2). Suppose w*p = -5*p - 15. What is the units digit of b(p)?
8
Let a = 18 + 12. What is the tens digit of a?
3
Let x(v) = -v + 18. Let t be x(16). Suppose t*n - 4*n = 2*z - 78, -2*n + 82 = -2*z. What is the tens digit of n?
4
What is the hundreds digit of ((-2)/((-12)/(-14)))/(9/(-1026))?
2
Let o = 16 - 10. Let k = -7 + o. What is the tens digit of 1*16 + k + 0?
1
Let v(h) = -5*h**2 - 2*h - 3. Let b be v(-3). Let a = -18 - b. What is the tens digit of a?
2
Let z(n) = n**3 - 5*n**2 + 4*n + 4. Let f = 2 + 2. Let t be z(f). Suppose 18 - 66 = -t*g. What is the units digit of g?
2
Suppose -2*s = 3*s - 4*u - 150, -5*s - 4*u = -190. Suppose 5*x = 281 + s. Suppose -z - 42 = -3*a, 0 = -6*a + a + 4*z + x. What is the units digit of a?
5
Let d(a) = a**2 + 5*a + 3. Let z be d(-5). Suppose 5 = -z*v + 20. What is the units digit of v?
5
Let n = -36 - -50. What is the tens digit of n?
1
Let q be (-4)/(-6)*81/2. Let n = q - 7. What is the tens digit of (-98)/(-10) - (-4)/n?
1
Let l = 261 + -172. Suppose 3*m + 1 - l = -4*g, 0 = -3*g - 2*m + 67. What is the tens digit of g?
2
Let g(f) = f**2. Let k(a) = -2*a - 1. Let i be k(1). What is the units digit of g(i)?
9
Suppose 5*w + s = 80, 3*w - 2*s = 3*s + 20. Suppose -w + 0 = -5*c. What is the units digit of ((-2)/(-3))/(2/c)?
1
Suppose -8*t = -4*t - 412. What is the tens digit of t?
0
Let i = 1 + 6. What is the units digit of i?
7
Let u(x) = 7*x - 12. What is the tens digit of u(10)?
5
Let f(h) = h**3 + 6*h**2 - 6*h + 6. Let l be f(-7). Let k = l - -7. What is the units digit of k?
6
Suppose 0 = 2*z - 4*z + 108. What is the units digit of z?
4
Suppose 5*d - 411 = w, -d - w + 0*w = -81. Suppose 3*h - d - 17 = 0. Suppose h = 5*c - 2*c. What is the tens digit of c?
1
Let l(z) = z**2 + 7*z + 11. What is the tens digit of l(-9)?
2
Let j(u) be the first derivative of u**6/360 + u**5/60 + u**4/8 + 2*u**3/3 - 2. Let n(c) be the third derivative of j(c). What is the units digit of n(-3)?
6
Suppose -22 = -2*q + 5*o, -2*o - 2 = 2. What is the units digit of q?
6
Let m(v) = 12*v**2 - 5*v + 6. Let i be m(4). Let w be i/5 + 2/5. Suppose 34 = 5*b + j + 1, 4*b = 4*j + w. What is the units digit of b?
7
Let s(q) = q - 4. Let x be s(0). Let w(a) = -a**3 - 4*a**2 - 2*a - 3. Let z be w(x). Suppose z*u - 5 = 10. What is the units digit of u?
3
Let d(v) = -2*v + 6. Let z be d(6). Let s(t) = -t**2 - 6*t + 1. Let a be s(z). What is the units digit of ((-9)/(-3 + 0))/a?
3
Let i = -3 + 3. Suppose 2*z + 10 = i, 2*v = 2*z + 10 + 6. What is the units digit of v?
3
Suppose -2*i = 3*j - 10, -i + 16 = 3*j + 5. Suppose j*s + 45 = -s. Let t = -7 - s. What is the units digit of t?
2
Let t = -305 - -526. What is the tens digit of t?
2
Let h(g) = -1 - g + 2 + 11*g**2 + 0*g**2 + 4*g. What is the units digit of h(-2)?
9
Let a be 2/(-12) + 7/6. Let g(m) = 90*m**3 + m**2 - 2*m + 1. Let l be g(a). Suppose p = 6*p - l. What is the units digit of p?
8
Let p = 24 - 17. What is the units digit of p?
7
Suppose 0 = -3*h + 239 + 64. What is the tens digit of h?
0
Suppose -2*a + 12 = 2*a. Suppose a*w - 12 = -w. Suppose b + w*s = 4*s + 8, 5*b - s - 28 = 0. What is the units digit of b?
5
Let b = 0 + 1. Let w be (-2)/(-1) - -2 - -2. Let m = w - b. What is the units digit of m?
5
Suppose b - 4*n = -20, -4*b - 7 - 8 = -3*n. Suppose b